-1655)) + 0 a composite number?
False
Suppose -7405 - 535 = -4*b. Is b prime?
False
Suppose -4*z - z + 2*y = 38, -2*z = 5*y - 8. Let f = 9 - z. Is f prime?
False
Is 15*382/18 - (-2)/3 composite?
True
Let q(b) = -22*b - 2. Let u be q(-11). Suppose 0 = -4*j - n + u, 4*j + 2*n - 216 = 7*n. Is j a prime number?
True
Let l(a) = -a**3 + 20*a**2 - 7*a + 21. Is l(14) prime?
False
Suppose -4*d + 82 = -6*d. Let c = d - -454. Is c a prime number?
False
Suppose -2*w + 7*c + 2422 = 3*c, 3*w - 3633 = 4*c. Is w prime?
False
Let i = 516 + -209. Is i a prime number?
True
Let i be ((-12)/(-3))/(1/23). Let q = 456 - i. Suppose z + q = 5*z. Is z prime?
False
Let o = -30 - -56. Let z be 1/(-2) - 374/(-4). Let m = o + z. Is m a composite number?
True
Let u(l) = 3*l**2 + 7*l - 5. Let f be u(8). Let m = -94 + f. Is m a composite number?
False
Suppose -2*x + 145 = -5*b - 196, 3*b + 862 = 5*x. Suppose p = -4*h + 5*h - x, 342 = 2*h - 3*p. Is h a prime number?
False
Let i(a) = -a. Let g be i(-3). Let b = 0 + g. Suppose b*f = -f + 44. Is f composite?
False
Suppose -3*q - 5*o = 13, 2*q + 5*o + 6 + 1 = 0. Is q/21 - 1782/(-14) prime?
True
Let z = 11 + -11. Suppose d - 127 = -z*d. Is d prime?
True
Let p = -3 + 7. Suppose -5*i + p*v + 57 = -234, -3*i - 4*v + 149 = 0. Is i prime?
False
Let u(n) = -456*n - 2. Let k be u(1). Let t = k - -675. Is t composite?
True
Is 4*(-4 + (-9396)/(-16)) prime?
True
Let x(m) = 84*m - 6. Let i be x(-11). Is i/(-3) - (4 + -1) composite?
False
Let j be (7/2)/((-2)/(-4)). Suppose -45 = -j*t + 2*t. Suppose 10 + t = 3*o + 2*f, 0 = 3*o - 4*f + 11. Is o a prime number?
True
Let t(h) = -65*h - 12. Is t(-7) prime?
True
Suppose -4*t + 7*a + 3403 = 8*a, -3*t + 2551 = 2*a. Is t composite?
True
Let j(s) = s**2 + s - 3. Let u be j(7). Suppose -4 = -n - 5, n = 3*g + u. Let z = 25 + g. Is z composite?
False
Suppose 2605 = -0*v + 5*v. Is v a composite number?
False
Let x(f) = -f + 5. Let a be x(4). Let s = 15 - a. Suppose i + s = 60. Is i a prime number?
False
Suppose 3*q - 15 = -2*q. Suppose 0 = -0*s - q*s - 2*r + 4, -4*s + 4*r - 8 = 0. Suppose -4*k - k + 185 = s. Is k a prime number?
True
Suppose 8*l - v - 337 = 3*l, 2*v + 4 = 0. Is l a composite number?
False
Suppose -385 = -4*r - 3*m, r + 3*m + 3 = 97. Is r a prime number?
True
Is (-3)/(-18)*3*242 a prime number?
False
Is 11/(-22)*12332/(-2) composite?
False
Suppose -3*i + 458 = -799. Is i composite?
False
Suppose -l - 2196 = -2*u, -2588 - 705 = -3*u + l. Is u prime?
True
Let y(j) be the third derivative of -j**5/15 - j**2. Let c be y(1). Let k(f) = -2*f**3 - 3*f**2 - 3*f - 3. Is k(c) a prime number?
True
Let x = 107 + -58. Is x a composite number?
True
Let s(p) = -p**2 + 3*p - 1. Let b be s(3). Let m = 3 - b. Suppose m*x + 17 - 69 = 0. Is x composite?
False
Let v = 249 + -128. Suppose p + 0*p = v. Is p composite?
True
Let c(a) = -a**2 - 7*a - 3. Let q be c(-6). Suppose 2*v = 1 + q. Suppose 316 = 2*u + v*u. Is u a prime number?
True
Let g(i) be the first derivative of -12*i**2 + 5*i - 2. Is g(-6) composite?
False
Let k(t) = 9*t**3 - 18*t**3 + 1 + 2*t - 3*t**2 - 4*t. Suppose 0 - 6 = 3*f. Is k(f) a prime number?
False
Let a be (2/4)/(6/36). Suppose 7 = 4*j - h - 24, -a = h. Is j a prime number?
True
Let y(x) = 3*x - 6. Let s be y(3). Suppose -s*m - 325 = -4*g, -5 = -4*m - 17. Is g prime?
True
Let p = 14354 + -10087. Is p composite?
True
Suppose 207 = x + 2*b - 998, 2*x - 2430 = b. Is x prime?
True
Suppose -4*o + 1246 + 118 = 0. Is o a composite number?
True
Let m = 1 + -1. Suppose m = -0*c + 3*c - 132. Suppose 3*r - c = r. Is r a prime number?
False
Suppose -5*u - 5*v + 265 = 0, -2*u + 2*v + 37 = -77. Is u prime?
False
Suppose 3*c + 3*s - 693 = 1923, -4*c + 3482 = 2*s. Is c prime?
False
Suppose 0 = -2*h + 4 - 8. Is h - (2 + -428)/2 composite?
False
Let k = -18 + 21. Suppose 0 = m - u + k*u - 85, 2*m - 171 = -3*u. Is m a prime number?
False
Suppose -5*q = u - 1, -q = -3*u - 16 + 3. Suppose q = 4*j - 3. Is (-2)/(-2) - (-23 - j) a composite number?
True
Suppose -5*u + u = -2*w, -4*u + 4*w = 0. Suppose -3*c - c = u. Suppose -h = -t + 2*t - 37, -5*t + h + 185 = c. Is t a composite number?
False
Let p(m) = 11*m**2 - 7*m + 4. Let o be p(5). Let n = o + 9. Is n prime?
False
Suppose -6*g - 3765 = -11*g. Is g a composite number?
True
Let z(d) = -3*d - 2. Let s be z(-2). Is (s/2)/(3/6) prime?
False
Let f(l) = -l + 2. Let h be f(0). Suppose 6*a - 495 = a + 5*b, -a + 94 = -h*b. Suppose 0 = -2*r + o + a, -200 = -4*r + 2*o - 4*o. Is r a composite number?
True
Suppose u - 12 = -4*b + 1, b = 3*u - 26. Let z(h) = 5*h - 8. Is z(u) prime?
True
Suppose 3*u + 1271 = 4*q, 4*q - 1264 = -3*u - u. Is q prime?
True
Let p(u) = -u**3 - 4*u**2 + 3. Let a be p(-4). Suppose -a*c = -6, -4*v + 126 = 4*c - 18. Is v prime?
False
Let r(a) be the second derivative of -a**5/20 + a**4/6 + 2*a**3/3 + a**2/2 - a. Let k be r(3). Suppose -k*g + 2*g = -38. Is g a composite number?
False
Suppose 5818 = k + 5*g, -3*g = k - 8*g - 5768. Is k a prime number?
False
Is (-2 + 1626/(-9))/((-22)/33) a prime number?
False
Suppose 2 - 7 = -5*n, 3*n - 599 = -4*j. Is j a composite number?
False
Let c = -75 + 108. Let q = c - -150. Is q a prime number?
False
Let t be 4/(-6) - (-26)/(-6). Let d(o) = o**3 + 6*o**2 + 4*o - 5. Let j be d(t). Suppose 3*k - 2*k - 23 = j. Is k a prime number?
True
Suppose 24 = -z + 280. Suppose -3*t + 5*o - 53 = -z, t - 2*o = 68. Suppose -2*f + 0*f = -t. Is f a prime number?
False
Let f = 722 + -235. Is f a prime number?
True
Let v = -3 + 1. Is v/(-4) - 3305/(-10) prime?
True
Suppose w - 171 = 1176. Is w/9 - (-4)/(-6) a composite number?
False
Suppose -13 = -f - 5. Suppose f*m = 4*m + 236. Is m composite?
False
Let f(z) = 4*z**3 - 2*z + 1. Let a be f(1). Let p(k) = k**2 + 0*k + 4*k**a - 2 - 2*k + 2*k**2 + 0. Is p(2) a prime number?
False
Suppose 2*l - 23 = -3*v, 0*l + l = 4. Let q(y) = 19*y + 10. Let x(k) = -13*k - 7. Let c(j) = 5*q(j) + 7*x(j). Is c(v) composite?
True
Let m be (-3)/(-2 + 3) + 28. Is (-2)/5 + 2435/m a prime number?
True
Let s(o) = 2*o**2 - o + 59. Let i be -1 + (-2*2)/(-4). Is s(i) composite?
False
Let l(i) = -i**3 - 11*i**2 - 9*i + 12. Let t be l(-9). Let o = 122 + t. Is o prime?
True
Let x be (0 - 6 - -1)*1. Let b(a) = 19*a + 3. Let h be b(x). Let r = 157 + h. Is r a prime number?
False
Suppose 5*l = -281 + 891. Is l a composite number?
True
Suppose 0 = -3*q + 5*z + 99, 4*z + 152 = -q + 6*q. Suppose 1 + 4 = a. Suppose a = g - q. Is g a composite number?
True
Let r be ((0/2)/1)/2. Suppose r = 3*x + 2*x. Suppose x = 3*q - 11 - 16. Is q composite?
True
Let h(u) = 2*u**2 + 11*u - 11. Suppose d - 18 = 2*q, d + 4 = -d. Is h(q) prime?
True
Let i(j) = -j**2 - 6*j + 9. Let f be i(7). Let x = f + 171. Is x prime?
True
Let i = 23 + -22. Is 12/(-24)*(-587 + i) composite?
False
Let i(v) = v + 87. Is i(0) a prime number?
False
Is (339/6)/(((-10)/(-4))/5) composite?
False
Let s(p) = -4*p**2 + 1 + 0*p**2 + p**2 + 3*p + 8*p**2. Suppose 2*t - 8 = 4*c, 0 = -t - 4*t + 5*c. Is s(t) a composite number?
True
Let y be 3/(-2) - 34/(-4). Suppose -63 = -y*k + 4*k. Is k a composite number?
True
Let o be (-3581)/(-3) - 1/(-3). Is o/10 + (-6)/15 composite?
True
Let i be (4/5)/((-4)/10). Is 26/(-4)*i/1 prime?
True
Suppose j - 10 = -0*j. Let l be (-60)/(-25) - (-6)/j. Suppose -3*o - 2*z + 61 = 0, -4*o + l*o = z - 20. Is o a prime number?
False
Suppose -26*x = -31*x + 1465. Is x prime?
True
Let w = -4 - -3. Let y = 102 - w. Let m = 58 + y. Is m a composite number?
True
Let k(o) = -o**3 - o**2 - o + 137. Let u be k(0). Suppose w = -z + u, -6*w + 9 = -3*w. Is z prime?
False
Is 3/2*(-184)/(-69) a prime number?
False
Let k = 76 - -143. Is k prime?
False
Let t be (-4)/14 - (-200)/14. Is 4/t + (-1915)/(-35) composite?
True
Let m(p) = 16*p + 2. Let f be m(8). Let u = 849 - f. Is u composite?
False
Suppose -5*m + 87 = 37. Suppose 3 = a - m. Is a prime?
True
Let n(p) = 0*p**3 + p**2 + 10*p + 12 + 4*p**2 - 1 - p**3. Is n(-8) prime?
False
Let h be 15/(0 - 6/4). Let q be 4/h + (-846)/(-15). Is (q - (-1 + 1)) + -1 prime?
False
Let a = 721 - -2668. Is a a composite number?
False
Suppose -f + 57 + 38 = 0. Suppose -172 = -c + f. Is c a composite number?
True
Is (-8)/12 + 4571/3 prime?
True
Suppose 3*h + h - 20 = 0. Suppose h*x = -2*l - 79, -2*l - 2*l = -4*x + 172. Is 